{"id":687,"date":"2024-06-08T15:27:43","date_gmt":"2024-06-08T13:27:43","guid":{"rendered":"https:\/\/estellephotographies.fr\/?post_type=product&#038;p=687"},"modified":"2024-06-11T13:25:08","modified_gmt":"2024-06-11T11:25:08","slug":"panneau-premium-30x40-cm-meneham","status":"publish","type":"product","link":"https:\/\/estellephotographies.fr\/index.php\/produit\/panneau-premium-30x40-cm-meneham\/","title":{"rendered":"Panneau Premium \u2013 30\u00d740 cm \u2013 Meneham"},"content":{"rendered":"<p>Le Dilite est un mat\u00e9riau composite en aluminium et poly\u00e9thyl\u00e8ne.<\/p>\n<p>Il r\u00e9siste au feu, est opaque et rigide et peut \u00eatre utilis\u00e9 en l\u2019int\u00e9rieur ou \u00e0 l\u2019ext\u00e9rieur (durabilit\u00e9 \u00e9lev\u00e9e).<\/p>\n<p>Il dispose d\u2019une grande r\u00e9sistance \u00e0 la corrosion, aux chocs et aux U.V.<\/p>\n<p>30x40cm<\/p>\n","protected":false},"excerpt":{"rendered":"<p>Le Dilite est un mat\u00e9riau composite en aluminium et poly\u00e9thyl\u00e8ne. Il r\u00e9siste au feu, est opaque et rigide et peut \u00eatre utilis\u00e9 en l\u2019int\u00e9rieur ou \u00e0 l\u2019ext\u00e9rieur (durabilit\u00e9 \u00e9lev\u00e9e). Il dispose d\u2019une grande r\u00e9sistance \u00e0 la corrosion, aux chocs et aux U.V. 30x40cm<\/p>\n","protected":false},"featured_media":688,"comment_status":"open","ping_status":"closed","template":"","meta":{"_et_pb_use_builder":"","_et_pb_old_content":"","_et_gb_content_width":""},"product_brand":[],"product_cat":[35],"product_tag":[],"class_list":{"0":"post-687","1":"product","2":"type-product","3":"status-publish","4":"has-post-thumbnail","6":"product_cat-panneaux-premium","8":"first","9":"instock","10":"shipping-taxable","11":"purchasable","12":"product-type-simple"},"jetpack_sharing_enabled":true,"_links":{"self":[{"href":"https:\/\/estellephotographies.fr\/index.php\/wp-json\/wp\/v2\/product\/687","targetHints":{"allow":["GET"]}}],"collection":[{"href":"https:\/\/estellephotographies.fr\/index.php\/wp-json\/wp\/v2\/product"}],"about":[{"href":"https:\/\/estellephotographies.fr\/index.php\/wp-json\/wp\/v2\/types\/product"}],"replies":[{"embeddable":true,"href":"https:\/\/estellephotographies.fr\/index.php\/wp-json\/wp\/v2\/comments?post=687"}],"wp:featuredmedia":[{"embeddable":true,"href":"https:\/\/estellephotographies.fr\/index.php\/wp-json\/wp\/v2\/media\/688"}],"wp:attachment":[{"href":"https:\/\/estellephotographies.fr\/index.php\/wp-json\/wp\/v2\/media?parent=687"}],"wp:term":[{"taxonomy":"product_brand","embeddable":true,"href":"https:\/\/estellephotographies.fr\/index.php\/wp-json\/wp\/v2\/product_brand?post=687"},{"taxonomy":"product_cat","embeddable":true,"href":"https:\/\/estellephotographies.fr\/index.php\/wp-json\/wp\/v2\/product_cat?post=687"},{"taxonomy":"product_tag","embeddable":true,"href":"https:\/\/estellephotographies.fr\/index.php\/wp-json\/wp\/v2\/product_tag?post=687"}],"curies":[{"name":"wp","href":"https:\/\/api.w.org\/{rel}","templated":true}]}}