{"id":396,"date":"2023-11-11T17:06:32","date_gmt":"2023-11-11T16:06:32","guid":{"rendered":"https:\/\/estellephotographies.fr\/?page_id=396"},"modified":"2023-11-11T17:36:01","modified_gmt":"2023-11-11T16:36:01","slug":"a-propos","status":"publish","type":"page","link":"https:\/\/estellephotographies.fr\/index.php\/a-propos\/","title":{"rendered":"\u00c0 propos"},"content":{"rendered":"<p>[et_pb_section fb_built=\u00a0\u00bb1&Prime; admin_label=\u00a0\u00bbAbout\u00a0\u00bb _builder_version=\u00a0\u00bb4.22.0&Prime; _module_preset=\u00a0\u00bbdefault\u00a0\u00bb locked=\u00a0\u00bboff\u00a0\u00bb collapsed=\u00a0\u00bbon\u00a0\u00bb global_colors_info=\u00a0\u00bb{}\u00a0\u00bb theme_builder_area=\u00a0\u00bbpost_content\u00a0\u00bb custom_padding=\u00a0\u00bb||2px|||\u00a0\u00bb][et_pb_row _builder_version=\u00a0\u00bb4.22.0&Prime; _module_preset=\u00a0\u00bbdefault\u00a0\u00bb global_colors_info=\u00a0\u00bb{}\u00a0\u00bb theme_builder_area=\u00a0\u00bbpost_content\u00a0\u00bb][et_pb_column type=\u00a0\u00bb4_4&Prime; _builder_version=\u00a0\u00bb4.22.0&Prime; _module_preset=\u00a0\u00bbdefault\u00a0\u00bb global_colors_info=\u00a0\u00bb{}\u00a0\u00bb theme_builder_area=\u00a0\u00bbpost_content\u00a0\u00bb][et_pb_text _builder_version=\u00a0\u00bb4.23.1&Prime; _module_preset=\u00a0\u00bb3c478d16-ad52-42d7-baf0-490d243e7c90&Prime; custom_margin=\u00a0\u00bb||10px||false|false\u00a0\u00bb hover_enabled=\u00a0\u00bb0&Prime; global_colors_info=\u00a0\u00bb{}\u00a0\u00bb theme_builder_area=\u00a0\u00bbpost_content\u00a0\u00bb sticky_enabled=\u00a0\u00bb0&Prime;]<\/p>\n<h1>\u00c0 propos<\/h1>\n<p>[\/et_pb_text][\/et_pb_column][\/et_pb_row][et_pb_row column_structure=\u00a0\u00bb3_5,2_5&Prime; _builder_version=\u00a0\u00bb4.22.0&Prime; _module_preset=\u00a0\u00bbdefault\u00a0\u00bb global_colors_info=\u00a0\u00bb{}\u00a0\u00bb theme_builder_area=\u00a0\u00bbpost_content\u00a0\u00bb][et_pb_column type=\u00a0\u00bb3_5&Prime; _builder_version=\u00a0\u00bb4.22.0&Prime; _module_preset=\u00a0\u00bbdefault\u00a0\u00bb global_colors_info=\u00a0\u00bb{}\u00a0\u00bb theme_builder_area=\u00a0\u00bbpost_content\u00a0\u00bb][et_pb_image src=\u00a0\u00bbhttps:\/\/estellephotographies.fr\/wp-content\/uploads\/2023\/11\/Capture-decran-2023-11-11-a-17.30.10.png\u00a0\u00bb title_text=\u00a0\u00bbCapture d\u2019e\u0301cran 2023-11-11 a\u0300 17.30.10&Prime; show_bottom_space=\u00a0\u00bboff\u00a0\u00bb _builder_version=\u00a0\u00bb4.23.1&Prime; _module_preset=\u00a0\u00bbdefault\u00a0\u00bb width=\u00a0\u00bb80%\u00a0\u00bb hover_enabled=\u00a0\u00bb0&Prime; global_colors_info=\u00a0\u00bb{}\u00a0\u00bb theme_builder_area=\u00a0\u00bbpost_content\u00a0\u00bb sticky_enabled=\u00a0\u00bb0&Prime; border_radii=\u00a0\u00bbon|30px|30px|30px|30px\u00a0\u00bb][\/et_pb_image][et_pb_image src=\u00a0\u00bbhttps:\/\/estellephotographies.fr\/wp-content\/uploads\/2023\/11\/Photo-phare.png\u00a0\u00bb title_text=\u00a0\u00bbPhoto phare\u00a0\u00bb _builder_version=\u00a0\u00bb4.23.1&Prime; _module_preset=\u00a0\u00bbdefault\u00a0\u00bb positioning=\u00a0\u00bbabsolute\u00a0\u00bb position_origin_a=\u00a0\u00bbbottom_right\u00a0\u00bb width=\u00a0\u00bb40%\u00a0\u00bb hover_enabled=\u00a0\u00bb0&Prime; global_colors_info=\u00a0\u00bb{}\u00a0\u00bb theme_builder_area=\u00a0\u00bbpost_content\u00a0\u00bb border_radii=\u00a0\u00bbon|20px|20px|20px|20px\u00a0\u00bb sticky_enabled=\u00a0\u00bb0&Prime; disabled_on=\u00a0\u00bbon|on|off\u00a0\u00bb][\/et_pb_image][\/et_pb_column][et_pb_column type=\u00a0\u00bb2_5&Prime; _builder_version=\u00a0\u00bb4.22.0&Prime; _module_preset=\u00a0\u00bbdefault\u00a0\u00bb global_colors_info=\u00a0\u00bb{}\u00a0\u00bb theme_builder_area=\u00a0\u00bbpost_content\u00a0\u00bb][et_pb_text _builder_version=\u00a0\u00bb4.23.1&Prime; _module_preset=\u00a0\u00bbbb21cd33-d731-4abc-a6aa-4eff9262a64e\u00a0\u00bb custom_margin=\u00a0\u00bb||10px||false|false\u00a0\u00bb hover_enabled=\u00a0\u00bb0&Prime; global_colors_info=\u00a0\u00bb{}\u00a0\u00bb theme_builder_area=\u00a0\u00bbpost_content\u00a0\u00bb sticky_enabled=\u00a0\u00bb0&Prime;]<\/p>\n<h2>Estelle Photographies<\/h2>\n<p>[\/et_pb_text][et_pb_text _builder_version=\u00a0\u00bb4.23.1&Prime; _module_preset=\u00a0\u00bba8260b7b-c8c7-4afa-a158-58d912591ca4&Prime; hover_enabled=\u00a0\u00bb0&Prime; global_colors_info=\u00a0\u00bb{}\u00a0\u00bb theme_builder_area=\u00a0\u00bbpost_content\u00a0\u00bb sticky_enabled=\u00a0\u00bb0&Prime; width_last_edited=\u00a0\u00bbon|desktop\u00a0\u00bb width=\u00a0\u00bb104%\u00a0\u00bb width_tablet=\u00a0\u00bb104%\u00a0\u00bb width_phone=\u00a0\u00bb104%\u00a0\u00bb]<\/p>\n<p><span>Bonjour et bienvenue sur ma boutique \ud83c\udf3f<\/span><\/p>\n<p><span>Pour moi la photo est une passion, capturer l\u2019instant, les moments de vie et les paysages. <\/span><span>Bretonne 100% pur beurre, j\u2019aime photographier ma belle Bretagne \u2693\ufe0f<\/span><br \/><span>J\u2019esp\u00e8re que mes affiches\/cartes vous plairont.<\/span><br \/><span>Au fur et \u00e0 mesure, ma collection va s\u2019agrandir !<\/span><\/p>\n<p><span>Bonne visite<\/span><br \/><span>Estelle \ud83c\udf3f<\/span><\/p>\n<p>[\/et_pb_text][et_pb_text _builder_version=\u00a0\u00bb4.23.1&Prime; _module_preset=\u00a0\u00bba8260b7b-c8c7-4afa-a158-58d912591ca4&Prime; hover_enabled=\u00a0\u00bb0&Prime; global_colors_info=\u00a0\u00bb{}\u00a0\u00bb theme_builder_area=\u00a0\u00bbpost_content\u00a0\u00bb sticky_enabled=\u00a0\u00bb0&Prime; width_last_edited=\u00a0\u00bbon|desktop\u00a0\u00bb width=\u00a0\u00bb104%\u00a0\u00bb header_font_size=\u00a0\u00bb42px\u00a0\u00bb text_font_size=\u00a0\u00bb25px\u00a0\u00bb width_tablet=\u00a0\u00bb104%\u00a0\u00bb width_phone=\u00a0\u00bb104%\u00a0\u00bb]<\/p>\n<p><a href=\"https:\/\/www.letelegramme.fr\/finistere\/gouesnou-29850\/gouesnou-estelle-guibert-passion-photo-6389409.php\">Article T\u00e9l\u00e9gramme<\/a><\/p>\n<p>[\/et_pb_text][\/et_pb_column][\/et_pb_row][\/et_pb_section][et_pb_section fb_built=\u00a0\u00bb1&Prime; admin_label=\u00a0\u00bbWhy Us\u00a0\u00bb _builder_version=\u00a0\u00bb4.22.0&Prime; _module_preset=\u00a0\u00bbdefault\u00a0\u00bb locked=\u00a0\u00bboff\u00a0\u00bb collapsed=\u00a0\u00bbon\u00a0\u00bb global_colors_info=\u00a0\u00bb{}\u00a0\u00bb theme_builder_area=\u00a0\u00bbpost_content\u00a0\u00bb custom_padding=\u00a0\u00bb6px||67px|||\u00a0\u00bb][et_pb_row column_structure=\u00a0\u00bb1_2,1_2&Prime; _builder_version=\u00a0\u00bb4.22.0&Prime; _module_preset=\u00a0\u00bbdefault\u00a0\u00bb global_colors_info=\u00a0\u00bb{}\u00a0\u00bb theme_builder_area=\u00a0\u00bbpost_content\u00a0\u00bb][et_pb_column type=\u00a0\u00bb1_2&Prime; _builder_version=\u00a0\u00bb4.22.0&Prime; _module_preset=\u00a0\u00bbdefault\u00a0\u00bb global_colors_info=\u00a0\u00bb{}\u00a0\u00bb theme_builder_area=\u00a0\u00bbpost_content\u00a0\u00bb][et_pb_text _builder_version=\u00a0\u00bb4.23.1&Prime; _module_preset=\u00a0\u00bb39212f38-e7a5-4d4a-ab59-35c0ba2553e4&Prime; custom_margin=\u00a0\u00bb||0px||false|false\u00a0\u00bb hover_enabled=\u00a0\u00bb0&Prime; global_colors_info=\u00a0\u00bb{}\u00a0\u00bb theme_builder_area=\u00a0\u00bbpost_content\u00a0\u00bb sticky_enabled=\u00a0\u00bb0&Prime;]<\/p>\n<h5><span>Hello moi c\u2019est Estelle \ud83d\udd06 <\/span><\/h5>\n<p>[\/et_pb_text][et_pb_text _builder_version=\u00a0\u00bb4.23.1&Prime; _module_preset=\u00a0\u00bba8260b7b-c8c7-4afa-a158-58d912591ca4&Prime; hover_enabled=\u00a0\u00bb0&Prime; global_colors_info=\u00a0\u00bb{}\u00a0\u00bb theme_builder_area=\u00a0\u00bbpost_content\u00a0\u00bb sticky_enabled=\u00a0\u00bb0&Prime;]<\/p>\n<p><span><\/span><\/p>\n<p><span><\/span><\/p>\n<p><span>Passionn\u00e9e de photos, j\u2019ai d\u00e9cid\u00e9 de cr\u00e9er des affiches et des cartes \u00e0 partir de mes photos. R\u00e9guli\u00e8rement en vadrouille, je prends plaisir \u00e0 photographier notre belle Bretagne \ud83d\udcf8<\/span><\/p>\n<p><span>Je vous laisse d\u00e9couvrir mes diff\u00e9rentes photos, avec diff\u00e9rents formats.<\/span><span> N\u2019h\u00e9sitez pas \u00e0 me contacter pour + d\u2019infos ou une collaboration \ud83c\udf3f<\/span><\/p>\n<p>[\/et_pb_text][\/et_pb_column][et_pb_column type=\u00a0\u00bb1_2&Prime; _builder_version=\u00a0\u00bb4.22.0&Prime; _module_preset=\u00a0\u00bbdefault\u00a0\u00bb global_colors_info=\u00a0\u00bb{}\u00a0\u00bb theme_builder_area=\u00a0\u00bbpost_content\u00a0\u00bb][et_pb_image src=\u00a0\u00bbhttps:\/\/estellephotographies.fr\/wp-content\/uploads\/2023\/11\/Capture-decran-2023-11-11-a-17.33.38.png\u00a0\u00bb title_text=\u00a0\u00bbCapture d\u2019e\u0301cran 2023-11-11 a\u0300 17.33.38&Prime; show_bottom_space=\u00a0\u00bboff\u00a0\u00bb align=\u00a0\u00bbright\u00a0\u00bb _builder_version=\u00a0\u00bb4.23.1&Prime; _module_preset=\u00a0\u00bbdefault\u00a0\u00bb width=\u00a0\u00bb80%\u00a0\u00bb hover_enabled=\u00a0\u00bb0&Prime; global_colors_info=\u00a0\u00bb{}\u00a0\u00bb theme_builder_area=\u00a0\u00bbpost_content\u00a0\u00bb sticky_enabled=\u00a0\u00bb0&Prime;][\/et_pb_image][\/et_pb_column][\/et_pb_row][\/et_pb_section]<\/p>\n","protected":false},"excerpt":{"rendered":"<p>\u00c0 proposEstelle PhotographiesBonjour et bienvenue sur ma boutique \ud83c\udf3f Pour moi la photo est une passion, capturer l\u2019instant, les moments de vie et les paysages. Bretonne 100% pur beurre, j\u2019aime photographier ma belle Bretagne \u2693\ufe0fJ\u2019esp\u00e8re que mes affiches\/cartes vous plairont.Au fur et \u00e0 mesure, ma collection va s\u2019agrandir ! Bonne visiteEstelle \ud83c\udf3fArticle T\u00e9l\u00e9grammeHello moi c\u2019est [&hellip;]<\/p>\n","protected":false},"author":1,"featured_media":0,"parent":0,"menu_order":0,"comment_status":"closed","ping_status":"closed","template":"","meta":{"_et_pb_use_builder":"on","_et_pb_old_content":"","_et_gb_content_width":"","footnotes":""},"class_list":["post-396","page","type-page","status-publish","hentry"],"jetpack_sharing_enabled":true,"_links":{"self":[{"href":"https:\/\/estellephotographies.fr\/index.php\/wp-json\/wp\/v2\/pages\/396","targetHints":{"allow":["GET"]}}],"collection":[{"href":"https:\/\/estellephotographies.fr\/index.php\/wp-json\/wp\/v2\/pages"}],"about":[{"href":"https:\/\/estellephotographies.fr\/index.php\/wp-json\/wp\/v2\/types\/page"}],"author":[{"embeddable":true,"href":"https:\/\/estellephotographies.fr\/index.php\/wp-json\/wp\/v2\/users\/1"}],"replies":[{"embeddable":true,"href":"https:\/\/estellephotographies.fr\/index.php\/wp-json\/wp\/v2\/comments?post=396"}],"version-history":[{"count":11,"href":"https:\/\/estellephotographies.fr\/index.php\/wp-json\/wp\/v2\/pages\/396\/revisions"}],"predecessor-version":[{"id":418,"href":"https:\/\/estellephotographies.fr\/index.php\/wp-json\/wp\/v2\/pages\/396\/revisions\/418"}],"wp:attachment":[{"href":"https:\/\/estellephotographies.fr\/index.php\/wp-json\/wp\/v2\/media?parent=396"}],"curies":[{"name":"wp","href":"https:\/\/api.w.org\/{rel}","templated":true}]}}

À propos

<p>[et_pb_section fb_built= »1&Prime; admin_label= »About » _builder_version= »4.22.0&Prime; _module_preset= »default » locked= »off » collapsed= »on » global_colors_info= »{} » theme_builder_area= »post_content » custom_padding= »||2px||| »][et_pb_row _builder_version= »4.22.0&Prime; _module_preset= »default » global_colors_info= »{} » theme_builder_area= »post_content »][et_pb_column type= »4_4&Prime; _builder_version= »4.22.0&Prime; _module_preset= »default » global_colors_info= »{} » theme_builder_area= »post_content »][et_pb_text _builder_version= »4.23.1&Prime; _module_preset= »3c478d16-ad52-42d7-baf0-490d243e7c90&Prime; custom_margin= »||10px||false|false » hover_enabled= »0&Prime; global_colors_info= »{} » theme_builder_area= »post_content » sticky_enabled= »0&Prime;]</p>
<h1>À propos</h1>
<p>[/et_pb_text][/et_pb_column][/et_pb_row][et_pb_row column_structure= »3_5,2_5&Prime; _builder_version= »4.22.0&Prime; _module_preset= »default » global_colors_info= »{} » theme_builder_area= »post_content »][et_pb_column type= »3_5&Prime; _builder_version= »4.22.0&Prime; _module_preset= »default » global_colors_info= »{} » theme_builder_area= »post_content »][et_pb_image src= »https://estellephotographies.fr/wp-content/uploads/2023/11/Capture-decran-2023-11-11-a-17.30.10.png » title_text= »Capture d’écran 2023-11-11 à 17.30.10&Prime; show_bottom_space= »off » _builder_version= »4.23.1&Prime; _module_preset= »default » width= »80% » hover_enabled= »0&Prime; global_colors_info= »{} » theme_builder_area= »post_content » sticky_enabled= »0&Prime; border_radii= »on|30px|30px|30px|30px »][/et_pb_image][et_pb_image src= »https://estellephotographies.fr/wp-content/uploads/2023/11/Photo-phare.png » title_text= »Photo phare » _builder_version= »4.23.1&Prime; _module_preset= »default » positioning= »absolute » position_origin_a= »bottom_right » width= »40% » hover_enabled= »0&Prime; global_colors_info= »{} » theme_builder_area= »post_content » border_radii= »on|20px|20px|20px|20px » sticky_enabled= »0&Prime; disabled_on= »on|on|off »][/et_pb_image][/et_pb_column][et_pb_column type= »2_5&Prime; _builder_version= »4.22.0&Prime; _module_preset= »default » global_colors_info= »{} » theme_builder_area= »post_content »][et_pb_text _builder_version= »4.23.1&Prime; _module_preset= »bb21cd33-d731-4abc-a6aa-4eff9262a64e » custom_margin= »||10px||false|false » hover_enabled= »0&Prime; global_colors_info= »{} » theme_builder_area= »post_content » sticky_enabled= »0&Prime;]</p>
<h2>Estelle Photographies</h2>
<p>[/et_pb_text][et_pb_text _builder_version= »4.23.1&Prime; _module_preset= »a8260b7b-c8c7-4afa-a158-58d912591ca4&Prime; hover_enabled= »0&Prime; global_colors_info= »{} » theme_builder_area= »post_content » sticky_enabled= »0&Prime; width_last_edited= »on|desktop » width= »104% » width_tablet= »104% » width_phone= »104% »]</p>
<p><span>Bonjour et bienvenue sur ma boutique 🌿</span></p>
<p><span>Pour moi la photo est une passion, capturer l’instant, les moments de vie et les paysages. </span><span>Bretonne 100% pur beurre, j’aime photographier ma belle Bretagne ⚓️</span><br /><span>J’espère que mes affiches/cartes vous plairont.</span><br /><span>Au fur et à mesure, ma collection va s’agrandir !</span></p>
<p><span>Bonne visite</span><br /><span>Estelle 🌿</span></p>
<p>[/et_pb_text][et_pb_text _builder_version= »4.23.1&Prime; _module_preset= »a8260b7b-c8c7-4afa-a158-58d912591ca4&Prime; hover_enabled= »0&Prime; global_colors_info= »{} » theme_builder_area= »post_content » sticky_enabled= »0&Prime; width_last_edited= »on|desktop » width= »104% » header_font_size= »42px » text_font_size= »25px » width_tablet= »104% » width_phone= »104% »]</p>
<p><a href="https://www.letelegramme.fr/finistere/gouesnou-29850/gouesnou-estelle-guibert-passion-photo-6389409.php">Article Télégramme</a></p>
<p>[/et_pb_text][/et_pb_column][/et_pb_row][/et_pb_section][et_pb_section fb_built= »1&Prime; admin_label= »Why Us » _builder_version= »4.22.0&Prime; _module_preset= »default » locked= »off » collapsed= »on » global_colors_info= »{} » theme_builder_area= »post_content » custom_padding= »6px||67px||| »][et_pb_row column_structure= »1_2,1_2&Prime; _builder_version= »4.22.0&Prime; _module_preset= »default » global_colors_info= »{} » theme_builder_area= »post_content »][et_pb_column type= »1_2&Prime; _builder_version= »4.22.0&Prime; _module_preset= »default » global_colors_info= »{} » theme_builder_area= »post_content »][et_pb_text _builder_version= »4.23.1&Prime; _module_preset= »39212f38-e7a5-4d4a-ab59-35c0ba2553e4&Prime; custom_margin= »||0px||false|false » hover_enabled= »0&Prime; global_colors_info= »{} » theme_builder_area= »post_content » sticky_enabled= »0&Prime;]</p>
<h5><span>Hello moi c’est Estelle 🔆 </span></h5>
<p>[/et_pb_text][et_pb_text _builder_version= »4.23.1&Prime; _module_preset= »a8260b7b-c8c7-4afa-a158-58d912591ca4&Prime; hover_enabled= »0&Prime; global_colors_info= »{} » theme_builder_area= »post_content » sticky_enabled= »0&Prime;]</p>
<p><span></span></p>
<p><span></span></p>
<p><span>Passionnée de photos, j’ai décidé de créer des affiches et des cartes à partir de mes photos. Régulièrement en vadrouille, je prends plaisir à photographier notre belle Bretagne 📸</span></p>
<p><span>Je vous laisse découvrir mes différentes photos, avec différents formats.</span><span> N’hésitez pas à me contacter pour + d’infos ou une collaboration 🌿</span></p>
<p>[/et_pb_text][/et_pb_column][et_pb_column type= »1_2&Prime; _builder_version= »4.22.0&Prime; _module_preset= »default » global_colors_info= »{} » theme_builder_area= »post_content »][et_pb_image src= »https://estellephotographies.fr/wp-content/uploads/2023/11/Capture-decran-2023-11-11-a-17.33.38.png » title_text= »Capture d’écran 2023-11-11 à 17.33.38&Prime; show_bottom_space= »off » align= »right » _builder_version= »4.23.1&Prime; _module_preset= »default » width= »80% » hover_enabled= »0&Prime; global_colors_info= »{} » theme_builder_area= »post_content » sticky_enabled= »0&Prime;][/et_pb_image][/et_pb_column][/et_pb_row][/et_pb_section]</p>

<p>À proposEstelle PhotographiesBonjour et bienvenue sur ma boutique 🌿 Pour moi la photo est une passion, capturer l’instant, les moments de vie et les paysages. Bretonne 100% pur beurre, j’aime photographier ma belle Bretagne ⚓️J’espère que mes affiches/cartes vous plairont.Au fur et à mesure, ma collection va s’agrandir ! Bonne visiteEstelle 🌿Article TélégrammeHello moi c’est [&hellip;]</p>
